13, 31
Let v(b) = 3*b + 60. Let l be v(-19). Let y(w) = -223*w + 2 - l*w**2 + 15*w**2 + 216*w. List the prime factors of y(4).
2, 83
Suppose -9*g + 8*g - 5*f = -4247, -20 = -5*f. List the prime factors of g.
3, 1409
Let l(a) = 3*a**2 - 22*a. Let f be l(6). List the prime factors of 1816/f*(0 - 3).
227
Suppose 469 + 177 = w - 2*z, -3*z = 4*w - 2551. Let a = w - 304. List the prime factors of a.
2, 3, 7
Let v(w) = 26*w**2 + 6*w + 16. Let q be v(8). Suppose -6236 = -49*c - q. List the prime factors of c.
2, 23
Let z be -451*(-6 + 8) - (1 - -2). Let k = z - -1270. List the prime factors of k.
5, 73
Let g(y) = -y**2 + 3*y + 10. Let r be g(5). Suppose -4*l - 405 + 3117 = r. Suppose 408 = 4*z - z + o, -5*z - o = -l. What are the prime factors of z?
3, 5
Suppose 5*u + 7712 = h - 0*u + 2424, 0 = -2*u. What are the prime factors of h?
2, 661
Let u = 7849 - 4913. What are the prime factors of u?
2, 367
Let g(l) = -7*l + 2*l - 6*l - 6*l + 18. List the prime factors of g(-12).
2, 3, 37
Let t(y) be the second derivative of y**4/6 + y**3/6 + 117*y**2/2 + y - 2. List the prime factors of t(0).
3, 13
Let p = 832 + -250. Suppose b + 3*n = p, -4*b - 6*n + 2*n + 2320 = 0. What are the prime factors of b?
3, 193
Let j(d) = d**3 + 64*d**2 - 14*d - 608. List the prime factors of j(-62).
2, 1987
List the prime factors of (-6)/(-129) + 283453700/5074.
2, 6983
Let l(y) = -y**2 - 147*y - 178. List the prime factors of l(-45).
2, 1103
Suppose -t + 250 = 5*z, 0 = t + 3*z - 146 - 104. Suppose -40*u + 4*n = -39*u + 117, -5*u - 639 = -2*n. Let c = t + u. List the prime factors of c.
11
List the prime factors of (-28)/(3 - -1) + 4196 + -5.
2, 523
Suppose -5*y = 19*y + 1128. Suppose -25 = 2*g - 7*g. Let u = g - y. List the prime factors of u.
2, 13
Let l be 72/16*(-48)/(-9). List the prime factors of l*(-3)/12*-8.
2, 3
Let z = -17682 + 30192. What are the prime factors of z?
2, 3, 5, 139
Let l(j) = -j**2 - 13*j - 15. Let g be l(-7). Let w = g - -55. List the prime factors of w.
2, 41
Let j(s) = -3*s + 53. Let g be j(16). Suppose -3*a = g - 8. What are the prime factors of a*(-8)/40 + 1022/10?
2, 3, 17
Suppose -82*p + 84*p - 412 = 0. Suppose -p = -2*y + 4*n, 0*y - y + 3*n + 102 = 0. List the prime factors of y.
3, 5, 7
List the prime factors of 6*(14 + 203055/90).
53, 257
Let g(h) = -3*h + 33. Let d be 141/12 + (6/(-8))/1. Let f be g(d). What are the prime factors of 4/8*6 - f?
3
Let t(m) = -86*m - 3381. List the prime factors of t(-117).
3, 17, 131
Suppose -5*c + 19 = 4. Let t(n) = -60*n + 24 + 39*n - n**3 + 25*n**2 + 0*n**c. What are the prime factors of t(24)?
2, 3
Suppose -25*j - 183 = 217. List the prime factors of (-1252)/(-20) + 1 + j/10.
2, 31
Suppose 279*i - 3885918 = 101*i. What are the prime factors of i?
3, 19, 383
Let i(n) = 10*n - 22*n**2 + 9 + 15*n**2 + 10*n**2. List the prime factors of i(-11).
2, 131
Let z be (0 - -5)/((-15)/75). List the prime factors of 4262/10 - z/(-125).
2, 3, 71
Let q(j) = -28*j + 2*j + 111*j. Let t be q(10). Suppose 19*h = 14*h + t. What are the prime factors of h?
2, 5, 17
Let p = -133 - -152. List the prime factors of (1 + -29 + 2)*p/(-2).
13, 19
Let x(i) = 25577*i - 174. List the prime factors of x(1).
7, 19, 191
Suppose -78887 - 186411 = -62*u. What are the prime factors of u?
11, 389
Let h be (-280524)/(-24) - (-1)/(-2). What are the prime factors of (h/(-16))/((-9)/6)?
487
Let y = -1407 - -10564. What are the prime factors of y?
9157
Let l(m) = -2026 + 7*m + 2026. Let k be l(1). Suppose 220 = k*r - 620. What are the prime factors of r?
2, 3, 5
Suppose f = 2*f + 4*h + 9, 0 = 2*f + 5*h + 30. Let g = 137 - 65. Let v = g - f. What are the prime factors of v?
97
Let l = -1846 + 14031. List the prime factors of l.
5, 2437
Let l(b) = 12*b**3 + 36*b**2 - 11*b - 24. Let d(h) = 10*h**3 + 35*h**2 - 12*h - 24. Let w(v) = 5*d(v) - 4*l(v). List the prime factors of w(-13).
3, 7
Suppose -16*t = -40 - 8. Suppose 492 = k + u, 0 = t*k + 2*k + 3*u - 2464. List the prime factors of k.
2, 13, 19
Let q be (1 - 1) + 5 + -2 + -3. Suppose q = -3*r - 0 - 0. Suppose 5*y + 3*i = 3*y + 154, r = 3*i. List the prime factors of y.
7, 11
Let v = 6491 + -3163. List the prime factors of v.
2, 13
Let w = 1229 + -1976. Let u = 1347 + w. What are the prime factors of u?
2, 3, 5
Let a be ((-310)/6)/(4/552) - -3. What are the prime factors of (-1)/(-6) - (-1)/(-6)*a?
2, 3, 11
What are the prime factors of (-842080)/(-30) + (-124)/93?
2, 3, 2339
Let p = -12052 - -26747. What are the prime factors of p?
5, 2939
Let z = 171 + -201. What are the prime factors of 127*(z/(-6) - (2 - -2))?
127
Let z(c) = -c - 1. Let u(s) = 2*s. Let v(y) = u(y) + 3*z(y). Let f be v(-3). Suppose f*x = x - 85. List the prime factors of x.
5, 17
Let i(s) = -s**3 + s - 1. Let c be i(1). Let y(h) = -1239*h**3 + h**2 - 2*h - 2. Let o be y(c). Suppose o = 13*n + 187. What are the prime factors of n?
3
Let k = 65 - 393. Let o = 1127 + k. List the prime factors of o.
17, 47
Suppose 16 = d + 14. Suppose 0 = 5*t + j + 706, 4*t = d*t - 3*j - 272. Let q = t + 348. What are the prime factors of q?
2, 103
Let z(q) = -108*q - 14. Let i(h) = h - 2. Let u(j) = -i(j) + z(j). Let l be u(-2). Suppose l = 2*a - 0*a. List the prime factors of a.
103
Suppose 192 = -5*s + 3*z, 0 = -z - 2*z + 12. Let l = s - -42. What are the prime factors of ((-4)/l)/(5/(-285))?
2, 19
Suppose -21*y + 20*y + 33794 = 2*l, -6*l = 2*y - 67586. What are the prime factors of y?
2, 7, 17, 71
Let f = 265 - 51. Let g(i) = 10*i**2 - 2*i - 26. Let b be g(-4). Let u = f - b. What are the prime factors of u?
2, 3
Let f(z) = -z**2 - 11*z - 7. Let s = 62 - 62. Suppose s = 3*b + 12. What are the prime factors of f(b)?
3, 7
Let b = 201 + -201. Suppose b = -20*k + 4992 + 968. What are the prime factors of k?
2, 149
Suppose 90*u = 108*u - 421866. List the prime factors of u.
23, 1019
Suppose -10*g + 7*g + 43590 = 3*g. List the prime factors of g.
5, 1453
What are the prime factors of (466/(-3))/(3/(-297))?
2, 3, 11, 233
Suppose -63713 - 142582 = -236*f + 376861. List the prime factors of f.
7, 353
Suppose -11*t + 99*t - 1412193 - 493887 = 0. List the prime factors of t.
2, 3, 5, 19
List the prime factors of 158472/(-108)*(50/(-4) + -1).
3, 31, 71
Let j = 169 - 91. Suppose 0 = 84*g - 2022 - 26370. Suppose -j = a - g. List the prime factors of a.
2, 5, 13
Suppose -154305 = -26*l - 19*l. What are the prime factors of l?
3, 127
Suppose -2*m = 2*l - 3 - 3, -2*m - 24 = -4*l. List the prime factors of (3 - 2)*(-4)/m.
2
Suppose 5*p - 8494 = 73*o - 75*o, 4*o = 5*p - 8482. What are the prime factors of p?
2, 3, 283
Let m(b) = -b. Let a be m(-15). Let p(k) = -k - k + 10*k**2 - a + 33 - 10. List the prime factors of p(3).
2, 23
Suppose 23*f + 1328856 = 8*f + 83*f. List the prime factors of f.
2, 3, 3257
Let n = 4258 - -2831. List the prime factors of n.
3, 17, 139
Suppose 16*s - 13*s - 12 = 0. Suppose 0 = -s*q + 94 + 754. Suppose -2*p = -10 - q. List the prime factors of p.
3, 37
Suppose -61*k + 64*k = 3501. Let c = k + -669. What are the prime factors of c?
2, 3, 83
Suppose -p - 2*d = -2150, 0*p - 5*d + 10730 = 5*p. Suppose 6*t - p = 246. What are the prime factors of t?
2, 199
Let h be (-12)/30 + 34/10. Let m(o) = 2*o**2 - 3*o - 3. Let w be m(h). Let q(c) = -c**3 + 11*c**2 - 8*c. What are the prime factors of q(w)?
2, 3, 11
Suppose 18*k = -5*k + 13*k + 208990. What are the prime factors of k?
20899
Let m(t) = -9*t**2 - 65*t - 3. Let p be m(-7). Let l(f) be the second derivative of 4*f**3/3 - 13*f**2/2 + 2*f. List the prime factors of l(p).
3, 5
Let z(y) = 315*y - 2892. What are the prime factors of z(73)?
3, 6701
Let j(c) = 6*c + 56*c**2 + 146 + 12*c**2 - 133 + 3*c. List the prime factors of j(-3).
2, 13, 23
Let x(q) be the first derivative of 11 + 1/4*q**4 + 3*q**2 - 6*q - 3*q**3. List the prime factors of x(10).
2, 7, 11
Let c = 231 + -235. What are the prime factors of -6*15/120 + (-5927)/c?
1481
Suppose 3*f + 272 = 5*f. Let k = 541 - f. List the prime factors of k.
3, 5
Suppose -33 = -5*j - 53. Let x be (j/6)/((-4)/12). Suppose x*p + 5*p - 14 = 0. What are the prime factors of p?
2
List the prime factors of (-2 + 2 + 163)*(38 + 17 + -6).
7, 163
Suppose -4*a = -4, -5*a + 13 = -l - 63. Let k = 1199 - l. What are the prime factors of k?
2, 5, 127
Let m = 95 + 